
8
Let p(u) = -u**2 - 11*u - 8. Let b be p(-8). Let t be (-125 - -119)*(8/(-6))/2. What is the highest common divisor of b and t?
4
Let k = 446 + -314. Calculate the highest common divisor of 11 and k.
11
Let j be 2*2/4*178. Let d = j - 116. Let i = d - 34. Calculate the greatest common factor of i and 224.
28
Let x(c) = -c**2 - 6*c - 2. Let d be x(-4). Suppose -71 = -4*w - 27. Let s be d/(-33) + 57/w. What is the greatest common factor of 2 and s?
1
Suppose 187 = 64*r + 59. Calculate the highest common factor of 9 and r.
1
Let q(g) = -119*g - 74. Let h be q(-6). Calculate the greatest common divisor of h and 20.
20
Let c = 598 + -442. What is the greatest common factor of 52 and c?
52
Suppose -4*y = -2*o - 2*o, 3*y = -5*o + 24. Suppose -89*t - 42 = -96*t. What is the greatest common divisor of t and o?
3
Suppose 2*u + 2*u = -148. Let z = -24 - u. Let i(y) = 23*y**2 - y + 1. Let t be i(2). What is the highest common factor of z and t?
13
Let b = -10 + 11. Let y be -16*((-4)/(-8) - b). What is the highest common divisor of 4 and y?
4
Let h = 14 + -4. Suppose -h*k = -15 - 75. What is the highest common divisor of 81 and k?
9
Suppose -67 = -12*u + 101. Calculate the highest common factor of 154 and u.
14
Let j(p) = -9*p - 178. Let r be j(-21). Let o = 140 - 100. Suppose -o - 70 = -5*l. Calculate the highest common divisor of r and l.
11
Let u be -5 + (-7440)/(-150) + 3/(-5). Calculate the greatest common factor of u and 275.
11
Let j(p) = 3*p + 7. Let d be j(2). What is the greatest common factor of d and 4?
1
Let n(r) = 863*r**2 - 9*r + 10. Let z be n(1). Calculate the highest common divisor of z and 96.
96
Let l be 2/3 + 88/3. Suppose -40 = 26*h - l*h. What is the greatest common factor of 4 and h?
2
Let j be 4/(-10) - 752/(-80). Calculate the highest common divisor of j and 333.
9
Suppose -154*h = -145*h - 468. Let z be (78/5)/(2/10). What is the highest common factor of h and z?
26
Let z be (53/2)/((-11)/(0 + -22)). Calculate the greatest common factor of z and 1961.
53
Suppose 26 + 4 = 2*x. Suppose -s + 4*j + 15 = j, -2*j = -3*s + 17. Calculate the greatest common divisor of s and x.
3
Let i(o) = o**3 - 12*o**2 - 2*o + 28. Let w be i(12). Suppose 3*h - 525 = -w*h. Let y be -15*2*2/(-4). Calculate the highest common factor of h and y.
15
Suppose 5*q - 88 = -r + 33, 3*q - 5*r = 67. Let w be 45 - -2*90/(-20). Calculate the highest common factor of w and q.
12
Let u(t) = -99*t + 18. Let h be u(-5). Calculate the highest common divisor of 19 and h.
19
Let h be 14/(8/4 + 0). Let n be (4 - (2 - h)) + -3. What is the greatest common divisor of n and 66?
6
Let x be -34*5*-3 + 6. What is the greatest common divisor of 12 and x?
12
Let p(t) = t**3 - 10*t**2 + 3*t - 14. Let d = 33 + -23. Let m be p(d). What is the highest common factor of 24 and m?
8
Let q(t) = t**2 + 26*t - 177. Let x be q(-33). What is the greatest common divisor of x and 1350?
54
Let m(h) be the third derivative of h**4/24 - h**3 - 4*h**2. Let b be m(7). Suppose -3 = -2*v + 3. What is the greatest common factor of b and v?
1
Suppose -4 - 6 = -5*i. Let y(s) = -i - s + 0*s + 0 + 0*s. Let t be y(-3). Calculate the greatest common factor of 11 and t.
1
Suppose -35 = -5*z + 30*w - 32*w, 0 = 2*w. Calculate the greatest common divisor of z and 8.
1
Suppose -6*y = -y - 25. Suppose -5*h = 0, y*l - 12 = 2*l + 2*h. Let g be (-2)/l + 135/6. What is the greatest common factor of 33 and g?
11
Let c(v) = 20*v - 5. Let q(d) = -d**2 - 5*d + 4. Let t be q(-6). Let i be c(t). Let u be (-308)/(-10) + 36/i. What is the highest common divisor of 6 and u?
6
Let v = 1695 + -916. What is the greatest common divisor of v and 41?
41
Let a be 6*(-1)/(-9)*6*-1. Let b be (a/(-10))/(2295/(-1150) + 2). Calculate the greatest common divisor of 46 and b.
46
Let i = 173 + -29. Let h = 100 - i. Let d = -20 - h. Calculate the greatest common factor of 6 and d.
6
Let s be (-10)/15 - (-10)/(-3). Let b = s + 11. Let p = 106 - 43. What is the greatest common divisor of b and p?
7
Suppose 1582 = -2606*c + 2719*c. Suppose 5*p - 20 = -3*d - 5, 4 = -p - 2*d. Calculate the highest common divisor of p and c.
2
Let h = 38 - 23. Let c be (-2 - -19) + (-203)/29. What is the highest common divisor of c and h?
5
Suppose -t = -1 - 7. Let j be -8*(72/(-90) + (-72)/10). What is the greatest common factor of t and j?
8
Let l(n) = n**3 - 12*n**2 - 11*n - 4. Let m = -77 - -90. Let w be l(m). Calculate the highest common factor of 33 and w.
11
Let b be 12/8*(-92)/(-6). Let r = -14 + b. Let d = 47 + 16. What is the highest common divisor of d and r?
9
Suppose 0 = -l + 10*l - 909. Suppose 0 = 11*v - l + 35. Calculate the greatest common divisor of v and 9.
3
Suppose -4 = -2*q + 2. Let t(w) = w**2 + 4*w - 1. Let r be t(q). Calculate the greatest common factor of 20 and r.
20
Suppose -5*b - 5*c = -50, 0 = -5*b + 4*c + 91 - 5. Let i(v) = -127*v - 1. Let s = 5 - 6. Let q be i(s). What is the highest common divisor of q and b?
14
Let b = -1545 + 3516. What is the greatest common factor of b and 73?
73
Let z(b) = b + 11 - 5*b - b**2 - 5*b + 5. Let h be z(-8). What is the highest common factor of 216 and h?
24
Suppose -137 = -3*p + 5*j, 0 = p + 4*j - 0*j - 23. Suppose -5*z = -d - 200, 165 + 55 = 5*z - 5*d. Calculate the greatest common divisor of p and z.
39
Let a(o) = -43*o - 1. Let x be a(-1). Let r be 1/((15/x)/5). Let k be (-20)/(-6)*42/4. Calculate the greatest common divisor of r and k.
7
Let o be 9/1 - -1 - -1. Suppose 0 = 2*v - 121 + o. Suppose -15 = 4*l - 7*l. What is the greatest common divisor of l and v?
5
Suppose -133 = -2*x + 3*y, 0 = -2*x - 3*y - 33 + 148. Let o = 104 - x. Let a = 1414 + -1386. What is the greatest common divisor of o and a?
14
Let f = 1897 - 921. What is the greatest common factor of 16 and f?
16
Let m = -3 + 5. Let k be -5 - ((-7)/(-7) + -10). Calculate the greatest common divisor of m and k.
2
Let q = 442 + -440. Let c(g) = g**3 + 5*g**2 + g + 3. Let w be c(-3). Calculate the greatest common factor of w and q.
2
Let p(n) = -n**3 - 10*n**2 + 16*n - 21. Let x be p(-14). Calculate the highest common factor of 49 and x.
49
Let z = 271 + -264. Calculate the highest common factor of 119 and z.
7
Let l(v) = v**3 - 29*v**2 + 53*v + 26. Let f be l(27). Let p be ((-6)/8 - f) + 2298/24. What is the highest common divisor of 240 and p?
48
Suppose w = 3*t - 376, -11 = -2*w - 7. Calculate the greatest common factor of 168 and t.
42
Suppose 10*j - 18 = 4*j. Suppose -j*z + 440 = z. What is the highest common factor of 10 and z?
10
Let b = -40 - -134. Suppose -4*j - j + 4*v = -b, -3*j - 5*v = -49. Calculate the highest common divisor of 54 and j.
18
Let m(j) = 239*j**2 + 18*j - 17. Let r be m(1). What is the greatest common divisor of 180 and r?
60
Let a(l) = -l**3 + 9*l**2 + 7*l + 15. Let o be a(10). Let x = o - -33. Calculate the highest common divisor of 72 and x.
18
Let c be 24/15*90/36. Calculate the highest common divisor of 14 and c.
2
Suppose 0 = i - 4, 3*i - 5 = 4*c - 29. Let k be ((-162)/(-72))/(1/124). What is the greatest common divisor of k and c?
9
Let l = 28 - 25. Suppose l*j - 18 = 3*m, 3*j = j - 2*m + 12. Let s be -36*((-15)/6 - -1). Calculate the greatest common divisor of j and s.
6
Suppose -2*j - 3*j + 5 = 0. Let v be ((-16)/36 - 129/(-108))/((-3)/(-4)). What is the greatest common factor of v and j?
1
Let y(z) = -z**3 - 18*z**2 - 25*z - 100. Let p be y(-18). Calculate the greatest common factor of p and 28.
14
Suppose -3*s + 44*s = 1722. Calculate the highest common factor of s and 399.
21
Let t = -9 - -9. Suppose -5*r = 4*v - 91, -v + 0 + 4 = t. What is the highest common factor of r and 90?
15
Suppose 4*x = 2516 - 644. What is the greatest common divisor of x and 72?
36
Suppose -5*h - 1512 = -8*h. Suppose -3*c + h + 0 = 0. Calculate the greatest common divisor of c and 21.
21
Suppose -12*t + 3*t + 135 = 0. Calculate the greatest common factor of t and 3.
3
Let o(n) = -17*n + 7. Let f be o(6). Let s = 59 + f. Let d = -15 - s. Calculate the highest common factor of d and 7.
7
Let q(y) = -19*y + 41. Let d be q(2). What is the greatest common divisor of 4 and d?
1
Suppose -4*v = -6*v + 30. Suppose -225 = -157*r + 154*r. Calculate the highest common divisor of r and v.
15
Let t(a) = -28*a - 230. Let w be t(-11